?
31
Calculate the highest common divisor of 468763 and 299.
23
Calculate the greatest common divisor of 438893 and 175.
7
Calculate the highest common factor of 2154232 and 226.
226
Calculate the greatest common divisor of 4900 and 20678.
98
What is the greatest common divisor of 50 and 574?
2
What is the greatest common factor of 14175 and 26082?
567
What is the greatest common divisor of 5335 and 330?
55
Calculate the highest common factor of 70 and 113995.
35
What is the highest common divisor of 232 and 7018?
58
What is the greatest common divisor of 45408 and 132000?
1056
What is the highest common factor of 17212 and 2444?
52
What is the greatest common divisor of 1406944 and 1408?
352
What is the highest common divisor of 378 and 4478607?
63
Calculate the highest common divisor of 91420 and 27020.
140
Calculate the highest common factor of 5904 and 2502.
18
Calculate the greatest common factor of 610 and 10.
10
Calculate the greatest common factor of 287888 and 13680.
304
Calculate the highest common factor of 94092 and 156.
12
Calculate the greatest common factor of 4171 and 1333.
43
What is the greatest common divisor of 76741 and 577?
577
What is the highest common factor of 26707 and 272?
17
What is the greatest common factor of 82475 and 575?
25
What is the highest common factor of 398700 and 1680?
60
Calculate the greatest common divisor of 133245 and 38880.
405
Calculate the highest common divisor of 144 and 191637.
9
What is the highest common factor of 16320 and 2346?
102
Calculate the highest common factor of 230 and 3170.
10
Calculate the highest common divisor of 1995 and 19740.
105
What is the highest common divisor of 168 and 33576?
24
Calculate the greatest common factor of 88868 and 52.
52
What is the highest common divisor of 924 and 277242?
42
Calculate the highest common factor of 47556 and 324.
36
What is the highest common divisor of 608 and 288?
32
What is the highest common divisor of 8568 and 61236?
252
What is the highest common divisor of 138 and 153042?
138
Calculate the greatest common factor of 161 and 236049.
23
What is the greatest common divisor of 114 and 16797?
3
What is the greatest common factor of 358960 and 168?
56
Calculate the greatest common divisor of 183348 and 1386.
198
What is the greatest common divisor of 2702 and 154?
14
Calculate the highest common divisor of 4199 and 7735.
221
Calculate the highest common divisor of 67881 and 44.
11
Calculate the highest common factor of 1264 and 20698.
158
Calculate the highest common factor of 132 and 104412.
132
What is the greatest common divisor of 175095 and 135?
135
What is the greatest common divisor of 23426 and 78?
26
Calculate the highest common factor of 17222 and 790.
158
What is the greatest common factor of 760 and 14516?
76
What is the greatest common factor of 1049332 and 76?
76
Calculate the highest common factor of 423 and 84.
3
Calculate the greatest common divisor of 9972 and 180.
36
Calculate the greatest common divisor of 419 and 5110543.
419
What is the greatest common factor of 390 and 612690?
390
Calculate the highest common divisor of 116 and 135111.
29
What is the greatest common divisor of 843433 and 23?
23
Calculate the greatest common factor of 8019 and 23463.
297
Calculate the greatest common divisor of 28 and 61222.
14
Calculate the highest common factor of 368 and 40802.
46
What is the greatest common factor of 148140 and 180?
180
What is the greatest common factor of 112662 and 39996?
198
Calculate the greatest common divisor of 36 and 1364679.
9
What is the highest common divisor of 748 and 55066?
22
Calculate the highest common factor of 25880 and 1160.
40
What is the greatest common divisor of 17217 and 981?
9
What is the highest common factor of 13748 and 224?
28
What is the greatest common divisor of 3088 and 8?
8
Calculate the highest common factor of 190 and 6990.
10
Calculate the greatest common factor of 63020 and 261670.
1370
Calculate the highest common divisor of 6541 and 11816.
211
Calculate the greatest common factor of 31410 and 90.
90
What is the highest common divisor of 435292 and 429?
143
Calculate the greatest common divisor of 1026 and 6426.
54
What is the greatest common divisor of 2607 and 118263?
237
What is the highest common factor of 76 and 212116?
76
Calculate the highest common divisor of 41686 and 38.
38
Calculate the greatest common divisor of 347676 and 24.
12
Calculate the greatest common divisor of 439 and 1582595.
439
Calculate the greatest common divisor of 54149 and 27161.
173
What is the greatest common factor of 14304 and 960?
96
Calculate the greatest common factor of 385 and 222365.
55
What is the greatest common divisor of 158808 and 24?
24
Calculate the highest common factor of 18 and 10686.
6
What is the greatest common divisor of 171020 and 527?
17
Calculate the greatest common divisor of 392 and 32102.
14
Calculate the greatest common divisor of 222 and 143819.
37
Calculate the greatest common factor of 20 and 1471420.
20
Calculate the highest common factor of 660040 and 2900.
580
What is the greatest common divisor of 6095 and 187910?
115
What is the highest common factor of 34867 and 238?
119
Calculate the greatest common factor of 14134500 and 270.
270
What is the greatest common factor of 30608 and 96?
16
Calculate the greatest common factor of 3999 and 10449.
129
What is the highest common factor of 657 and 27?
9
What is the greatest common factor of 82762 and 2?
2
Calculate the greatest common divisor of 28911 and 69.
69
Calculate the greatest common factor of 13485 and 46110.
435
What is the highest common divisor of 3143 and 103270?
449
Calculate the highest common divisor of 5292 and 124068.
588
Calculate the highest common divisor of 347074 and 6006.
182
Calculate the highest common divisor of 14 and 674275.
7
Calculate the greatest common factor of 74991 and 84.
21
Calculate the highest common divisor of 3 and 53388.
3
Calculate the highest common divisor of 24 and 4050948.
12
Calculate the greatest common divisor of 40495 and 1365.
455
Calculate the highest common divisor of 470348 and 236.
236
Calculate the greatest common factor of 175 and 65225.
25
What is the highest common divisor of 1173 and 37743?
69
Calculate the highest common divisor of 239 and 948113.
239
Calculate the greatest common factor of 12042 and 756.
54
Calculate the greatest common divisor of 27630 and 930.
30
What is the highest common divisor of 36 and 939906?
18
Calculate the highest common divisor of 1696 and 18048.
32
Calculate the greatest common factor of 28155 and 4485.
15
Calculate the highest common divisor of 63168 and 846.
282
What is the greatest common factor of 362198 and 291?
97
Calculate the greatest common divisor of 123590 and 2720.
170
Calculate the highest common divisor of 273 and 5257.
7
What is the highest common divisor of 11 and 2101231?
11
Calculate the highest common divisor of 2475 and 49095.
45
What is the highest common divisor of 210572 and 732?
244
Calculate the greatest common factor of 475304 and 354.
118
What is the greatest common divisor of 121 and 40777?
121
Calculate the highest common factor of 20468 and 24395.
119
Calculate the highest common factor of 528 and 242286.
66
Calculate the highest common factor of 3750 and 2790.
30
Calculate the greatest common divisor of 2328 and 39.
3
Calculate the greatest common factor of 117968 and 5256.
584
Calculate the greatest common divisor of 17603 and 509273.
607
What is the highest common factor of 2553664 and 24?
8
Calculate the greatest common divisor of 17792 and 1408.
128
What is the greatest common factor of 21104 and 160?
16
What is the greatest common factor of 10440 and 799965?
1305
What is the greatest common divisor of 4 and 871396?
4
What is the highest common divisor of 3762 and 361779?
627
Calculate the highest common factor of 3900 and 43140.
60
What is the greatest common divisor of 1620 and 1016388?
324
What is the greatest common factor of 5686 and 6?
2
What is the greatest common factor of 16264 and 232?
8
What is the greatest common factor of 3982508 and 744?
124
Calculate the greatest common factor of 1230 and 12570.
30
Calculate the greatest common divisor of 1023 and 63393.
33
What 